 2. Let g be w(-2). Let x = -75 - g. Suppose v - 8 + 4 = 0. What is the remainder when x is divided by v?
3
Suppose 395 - 23495 = -462*h. Calculate the remainder when 1088 is divided by h.
38
Suppose 3*n - 9 + 3 = 3*l, n + 5*l = 32. Suppose -157 + 437 = n*m. What is the remainder when 71 is divided by m?
31
Suppose -3*o + 81 = -n, 2*o - 67 = 3*n + 1. Calculate the remainder when o is divided by 4/10 + 63/5.
12
Suppose 7*j - 4*j - 303 = 0. Let k = 99 + -96. Suppose 4*i = n + 28, 6 = -k*i + 4*n + 14. What is the remainder when j is divided by i?
5
Let x be -7 + ((-30)/(-5) - -5). Suppose -x*f = -2*f - j - 35, f - 2*j = 19. Let p = 1 - -9. What is the remainder when f is divided by p?
7
Let c be (-2858)/(-18) - 14/(-63). Suppose 0 = -0*r + 3*r - c. What is the remainder when 211 is divided by r?
52
Suppose 16*v - 105*v + 45627 - 9315 = 0. Calculate the remainder when v is divided by 44.
12
Suppose 4*b + 31 - 11 = 0. Let t be (-1803)/(-6) - (1 + b)/8. Suppose 3*w - 2 - t = 0. What is the remainder when w is divided by 26?
23
Suppose -5*c = -5*b, -5*b - 359*c = -362*c - 10. Let g(m) = 74*m - 2. What is the remainder when g(1) is divided by b?
2
Let z = 6974 - 6952. What is the remainder when 92 is divided by z?
4
Let a(k) = 61*k - 1071. Calculate the remainder when 1510 is divided by a(18).
25
Let v = -2218 - -2281. What is the remainder when 2580 is divided by v?
60
Suppose -691*k + 690*k - 5*w + 333 = 0, -2*w + 1368 = 4*k. What is the remainder when k is divided by 144?
55
Calculate the remainder when 1/((-1)/453)*(64 - 70) is divided by 32.
30
Let b = -2994 - -4188. Calculate the remainder when b is divided by 44.
6
Let s be 0 + -1 + 21*1568/48. Suppose 55 = -6*v + s. What is the remainder when v is divided by 56?
49
Suppose -10*a + 9*a + 6 = 0. Let c = 134 + -113. Calculate the remainder when c is divided by a.
3
Let l be (332/8 + 1)/(2/4). Let r(z) = 3*z - 3. Let s be r(2). Suppose -s*h = 2*h - l. Calculate the remainder when h is divided by 9.
8
Suppose b + 3*b + 130 = 5*i, -4*i + 3*b + 104 = 0. Suppose 99 = -15*q + i*q. Suppose -4*l + 60 = -0*l. What is the remainder when l is divided by q?
6
Let l(h) = -h**3 - 2*h**2 + 10*h + 450. Let q be l(0). Let d = q - 351. Calculate the remainder when d is divided by 17.
14
Let h(b) = -2*b**3 + 55*b**2 - 81*b + 110. Let p = 75 - 1. Calculate the remainder when p is divided by h(26).
10
Let d(a) = 17*a**2. Suppose 0 = 10*l + l + 495. Let r = -44 - l. Calculate the remainder when 83 is divided by d(r).
15
Let o = 3267 - 3249. Suppose -5 = l - 8. Calculate the remainder when o is divided by l.
0
Let h be 1742/(-14) - (-16)/(-28). Suppose x + 15900 = -3*x. What is the remainder when 126 is divided by x/h - 1/(-5)?
30
Let y = 894 + -869. Let i be 1538/6 + (-5)/15. Suppose 3*f - 3*v - 632 = -2*f, 2*f - 2*v - i = 0. Calculate the remainder when f is divided by y.
24
Suppose -3*h = -3, 110 = 4*y - 6*h + 4*h. Calculate the remainder when 7/14 + 886/4 is divided by 1120/y + (-5)/(-1).
42
Suppose 3*h = -4*u + 17, -u = -2*h - 10 + 3. Suppose -u - 31 = -3*b. Suppose -135 = -11*x + 371. What is the remainder when x is divided by b?
10
Suppose -31*z - 5 = -36*z. Let w(g) = 24*g**3 - g**2 + 11*g - 11. Calculate the remainder when w(z) is divided by 6.
5
Let l be (-1)/(-2) - ((-95)/(-10) + 3). Calculate the remainder when 16 is divided by -4 - -10 - l/(-3).
0
Suppose 314 + 374 = 4*h. Let b = -100 + h. What is the remainder when b/20*110/4 is divided by 25?
24
Suppose -5*j = -4*c + 1240, 0 = -21*c + 26*c - 4*j - 1550. What is the remainder when c is divided by 76?
6
Let k = 2 - -9. What is the remainder when 6860/(-2205)*(-3)/(-2)*-21 is divided by k?
10
Let p = 124 + -102. Let d(s) = 27*s**2 + 4*s + 3. What is the remainder when d(2) is divided by p?
9
Let q = -7833 - -7842. Let z = -205 + 348. Calculate the remainder when z is divided by q.
8
Let i(r) = 6*r**2 - 7 - 3*r**2 - 4*r**2 + 0 - 11*r. Suppose 38 = -4*g - 2*f, -2*g + 3*g = 5*f - 4. Calculate the remainder when 54 is divided by i(g).
10
Let i(a) = -20*a**2 - 191*a + 16. Calculate the remainder when 1080 is divided by i(-9).
45
Suppose 3 = s + 2*r - 2, 0 = 2*s - 3*r + 11. Let g(z) = z + 7. Let m be g(s). What is the remainder when 8 is divided by m - (2 - 2) - 3?
2
Suppose -3*j - 301 = -4*f, -3*f + 3*j - 283 = -7*f. Let d be (-4)/(5*(-6)/(-870)). Let v = -91 - d. Calculate the remainder when f is divided by v.
23
Let g(o) = 7*o - 51. Let d(n) = 12*n - 57. Let v be d(6). Calculate the remainder when g(v) is divided by 4.
2
Let k = 843 - 699. What is the remainder when k is divided by 56?
32
Let f be (5 - 4)/1 + 14 + -1. Let y = 25 - f. Suppose -7*x + 33 = 4*x. Calculate the remainder when y is divided by x.
2
Suppose 8*h - 3940 = -2*j + 5*h, 7*j - 2*h = 13890. Calculate the remainder when j is divided by 138.
50
Suppose 25*k = 16*k + 243. What is the remainder when 1445 is divided by k?
14
Let m be (-7)/21 + (-2926)/(-21). Suppose 3*t + 1 = 4*s + 115, s + m = 4*t. Calculate the remainder when t is divided by 28/(-6)*(2 + -5).
6
Suppose -7*u - 48 = -5*y - 3*u, -26 = -3*y + u. Suppose 4*i + y = -0. What is the remainder when (i - (-78)/(-4))*-2 is divided by 11?
10
Let t(l) = 3*l**2 + 48*l + 125. What is the remainder when 147 is divided by t(-3)?
3
Suppose 197 = 5*l + 107. Calculate the remainder when 164/36 + -5 - (-1142)/l is divided by 12.
3
Suppose 81*k - 104*k = -391. Calculate the remainder when 1777 is divided by k.
9
Suppose 2*s + 49 = -4*x - 5, s + 27 = -x. Let v = 26 - s. Suppose 3*g - v = -2*k, 3*k + 5*g = -4 + 85. Calculate the remainder when 42 is divided by k.
20
Let y = -3079 - -3476. Calculate the remainder when y is divided by 66.
1
Suppose 36 = 3*t - 27. Suppose 43 = -4*c - t. What is the remainder when 48 is divided by (-372)/(-14) + c/28?
22
Calculate the remainder when 8/3 + (-47120)/(-465) is divided by 51.
2
Suppose -44 = 13*o - 24*o. Suppose -o*u + 233 = 49. Calculate the remainder when u is divided by 28.
18
Calculate the remainder when (-5 + 139/(-3))*12/(-8) is divided by 8.
5
Let o(w) = 2*w**2 - w - 6. Suppose -3213 = 34*m - 31*m. Calculate the remainder when m/14*(-8)/4 is divided by o(5).
36
Let v be (-6)/(1/(-5 - -1)). Let i be -3*4/v*4. What is the remainder when 34 is divided by 13 - (-7)/(-14)*0/i?
8
Let j(x) = -x**3 - 6*x**2 - x - 1. Suppose 2*s + 68 = 6*s - 3*d, -100 = -4*s - 5*d. Suppose 14*t = s + 8. Calculate the remainder when j(-6) is divided by t.
1
Suppose -5*u - 40 = -210. Let q be (20/(-15))/((-6)/9). Suppose 119 = -q*y + 137. What is the remainder when u is divided by y?
7
Let a = -34 + 91. Suppose 330 = 63*x - a*x. What is the remainder when 160 is divided by x?
50
Suppose 24791 = 119*b - 6625. Calculate the remainder when b is divided by 17.
9
Let x(i) = 4*i + 94. Let h be (20/8 + -3)*14. Let o = 10 + 0. What is the remainder when x(h) is divided by o?
6
Let d(b) = 188*b**2 - 2*b. Let i(q) = -2*q**3 - 40*q**2 - 40*q - 37. Let u be i(-19). Let m = 152 + -104. What is the remainder when d(u) is divided by m?
42
Let a = 1308 + -1250. What is the remainder when 231 is divided by a?
57
Suppose -5*s - 3*i = -262 + 901, -261 = 2*s + 3*i. Let n = s + 135. Calculate the remainder when 99 is divided by n.
0
Suppose -4*u - 45 = -5*w, 0 = w + 5 - 2. Suppose -102 = -17*k + 884. Let f = u + k. Calculate the remainder when f is divided by 15.
13
Let b(s) = 105*s - 699. What is the remainder when 99 is divided by b(7)?
27
Suppose 749*o - 696 = 725*o. Calculate the remainder when 462 is divided by o.
27
Calculate the remainder when 730 is divided by (39/12)/((-3)/4)*(-128 + 95).
15
Let l(a) = -26*a + 521. Calculate the remainder when l(3) is divided by 67.
41
Let i = -1480 - -829. Let w = i - -960. Suppose 231*k + 416 = 239*k. Calculate the remainder when w is divided by k.
49
Let t = 54 - 48. Suppose -t*o = -1173 - 63. Calculate the remainder when o is divided by 8.
6
Suppose -5*l - 10 = -4*l. Let u be (-11)/((-76)/(-168) + 5/l). Suppose -u = j - 6*j + 4*a, -3*j = 2*a - 143. Calculate the remainder when 138 is divided by j.
44
Suppose 4*a + 182 - 438 = 0. Let c = -42 + 48. Calculate the remainder when a is divided by c.
4
Let s be -7*(-1*231)/(-3). Let q = s - -952. Suppose 15*n - q = 607. Calculate the remainder when n is div